{"id":11,"date":"2026-03-14T19:52:40","date_gmt":"2026-03-14T19:52:40","guid":{"rendered":"https:\/\/aunes.cat\/blog\/silverstorm\/"},"modified":"2026-03-16T11:30:57","modified_gmt":"2026-03-16T11:30:57","slug":"silverstorm","status":"publish","type":"page","link":"https:\/\/aunes.cat\/blog\/","title":{"rendered":"Front Page"},"content":{"rendered":"<div class=\"style-179 style-local-11-c1 position-relative\" data-colibri-id=\"11-c1\">\n<div id=\"custom\" class=\"h-section h-section-global-spacing d-flex align-items-lg-center align-items-md-center align-items-center style-180 style-local-11-c2 position-relative\" data-colibri-component=\"section\" data-colibri-id=\"11-c2\">\n<div class=\"h-section-grid-container h-section-fluid-container\">\n<div class=\"h-row-container gutters-row-lg-2 gutters-row-md-2 gutters-row-0 gutters-row-v-lg-2 gutters-row-v-md-2 gutters-row-v-2 style-181 style-local-11-c3 position-relative\" data-colibri-id=\"11-c3\">\n<div class=\"h-row justify-content-lg-center justify-content-md-center justify-content-center align-items-lg-stretch align-items-md-stretch align-items-stretch gutters-col-lg-2 gutters-col-md-2 gutters-col-0 gutters-col-v-lg-2 gutters-col-v-md-2 gutters-col-v-2\">\n<div class=\"h-column h-column-container d-flex h-col-lg-auto h-col-md-auto h-col-auto style-182-outer style-local-11-c4-outer\">\n<div class=\"d-flex h-flex-basis h-column__inner h-ui-empty-state-container h-px-lg-2 h-px-md-2 h-px-2 v-inner-lg-2 v-inner-md-2 v-inner-2 style-182 style-local-11-c4 position-relative\" data-colibri-id=\"11-c4\">\n<div class=\"w-100 h-y-container h-column__content h-column__v-align flex-basis-100\"><\/div>\n<\/div>\n<\/div>\n<\/div>\n<\/div>\n<div class=\"h-row-container gutters-row-lg-2 gutters-row-md-2 gutters-row-0 gutters-row-v-lg-2 gutters-row-v-md-2 gutters-row-v-2 style-192 style-local-11-c14 position-relative\" data-colibri-id=\"11-c14\">\n<div class=\"h-row justify-content-lg-center justify-content-md-center justify-content-center align-items-lg-stretch align-items-md-stretch align-items-stretch gutters-col-lg-2 gutters-col-md-2 gutters-col-0 gutters-col-v-lg-2 gutters-col-v-md-2 gutters-col-v-2\">\n<div class=\"h-column h-column-container d-flex h-col-lg-auto h-col-md-auto h-col-auto style-193-outer style-local-11-c15-outer\">\n<div class=\"d-flex h-flex-basis h-column__inner h-px-lg-2 h-px-md-2 h-px-2 v-inner-lg-2 v-inner-md-2 v-inner-2 style-193 style-local-11-c15 position-relative\" data-colibri-id=\"11-c15\">\n<div class=\"w-100 h-y-container h-column__content h-column__v-align flex-basis-100 align-self-lg-start align-self-md-start align-self-start\">\n<div class=\"d-block style-194 style-local-11-c16 position-relative h-element\" data-colibri-id=\"11-c16\">\n<div class=\"h-image__frame-container-outer\">\n<div class=\"h-image__frame-container\">\n<div class=\"h-image__frame h-hide-lg h-hide-md h-hide-sm style-194-frameImage style-local-11-c16-frameImage\"><\/div>\n<\/div>\n<\/div>\n<\/div>\n<\/div>\n<\/div>\n<\/div>\n<\/div>\n<\/div>\n<\/div>\n<\/div>\n<div id=\"custom-2\" class=\"h-section h-section-global-spacing d-flex align-items-lg-center align-items-md-center align-items-center style-184 style-local-11-c6 position-relative\" data-colibri-component=\"section\" data-colibri-id=\"11-c6\">\n<div class=\"h-section-grid-container h-section-boxed-container\">\n<div class=\"h-row-container gutters-row-lg-2 gutters-row-md-2 gutters-row-0 gutters-row-v-lg-2 gutters-row-v-md-2 gutters-row-v-2 style-185 style-local-11-c7 position-relative\" data-colibri-id=\"11-c7\">\n<div class=\"h-row justify-content-lg-center justify-content-md-center justify-content-center align-items-lg-stretch align-items-md-stretch align-items-stretch gutters-col-lg-2 gutters-col-md-2 gutters-col-0 gutters-col-v-lg-2 gutters-col-v-md-2 gutters-col-v-2\">\n<div class=\"h-column h-column-container d-flex h-col-lg-auto h-col-md-auto h-col-auto style-186-outer style-local-11-c8-outer\">\n<div class=\"d-flex h-flex-basis h-column__inner h-px-lg-2 h-px-md-2 h-px-2 v-inner-lg-2 v-inner-md-2 v-inner-2 style-186 style-local-11-c8 position-relative\" data-colibri-id=\"11-c8\">\n<div class=\"w-100 h-y-container h-column__content h-column__v-align flex-basis-100 align-self-lg-start align-self-md-start align-self-start\">\n<div class=\"h-text h-text-component style-189 style-local-11-c11 position-relative h-element\" data-colibri-id=\"11-c11\">\n<div class=\"\">\n\nCOMUNICACI\u00d3\n\nTreballo amb una premissa clara: tothom t\u00e9 dret a comprendre i a sentir-se interpel\u00b7lat. La forma com comuniquem, amb el llenguatge, amb les imatges, amb els audiovisuals, pot ser profundament discriminat\u00f2ria. Ser conscients que no\nsempre \u00e9s possible arribar a tot no ens eximeix de fer tot all\u00f2 possible per intentar-ho.\n\n<\/div>\n<\/div>\n<\/div>\n<\/div>\n<\/div>\n<div class=\"h-column h-column-container d-flex h-col-lg-auto h-col-md-auto h-col-auto style-187-outer style-local-11-c9-outer\">\n<div class=\"d-flex h-flex-basis h-column__inner h-px-lg-2 h-px-md-2 h-px-2 v-inner-lg-2 v-inner-md-2 v-inner-2 style-187 style-local-11-c9 position-relative\" data-colibri-id=\"11-c9\">\n<div class=\"w-100 h-y-container h-column__content h-column__v-align flex-basis-100 align-self-lg-start align-self-md-start align-self-start\">\n<div class=\"h-text h-text-component style-190 style-local-11-c12 position-relative h-element\" data-colibri-id=\"11-c12\">\n<div class=\"\">\n\nESTRAT\u00c8GIA\n\nL\u2019experi\u00e8ncia constata que no hi ha f\u00f3rmules m\u00e0giques i que cada projecte, entitat, persona, necessita una mirada singular. Prioritzo els canals que ens acosten als p\u00fablics objectius reals, i aix\u00f2 implica mirar sempre m\u00e9s enll\u00e0 del\nm\u00f3n digital. Molt fan dels adhesius, <em>els mupis<\/em> i les banderoles de balc\u00f3.\n\n<\/div>\n<\/div>\n<\/div>\n<\/div>\n<\/div>\n<div class=\"h-column h-column-container d-flex h-col-lg-auto h-col-md-auto h-col-auto style-188-outer style-local-11-c10-outer\">\n<div class=\"d-flex h-flex-basis h-column__inner h-px-lg-2 h-px-md-2 h-px-2 v-inner-lg-2 v-inner-md-2 v-inner-2 style-188 style-local-11-c10 position-relative\" data-colibri-id=\"11-c10\">\n<div class=\"w-100 h-y-container h-column__content h-column__v-align flex-basis-100 align-self-lg-start align-self-md-start align-self-start\">\n<div class=\"h-text h-text-component style-191 style-local-11-c13 position-relative h-element\" data-colibri-id=\"11-c13\">\n<div class=\"\">\n\nCONTINGUTS\n\nNo negar\u00e9 que l\u2019escriptura \u00e9s el medi en el qual em sento m\u00e9s c\u00f2mode i on tot flueix, per mi. Nodrir de relat, enfilar discursos i arguments i explicar hist\u00f2ries sempre m\u2019ha semblat f\u00e0cil i bonic. Per tamb\u00e9 exploro altres disciplines\ncom la fotografia o l\u2019audiovisual (des del vessant del gui\u00f3).\n\n<\/div>\n<\/div>\n<\/div>\n<\/div>\n<\/div>\n<\/div>\n<\/div>\n<\/div>\n<\/div>\n<div id=\"custom-3\" class=\"h-section h-section-global-spacing d-flex align-items-lg-center align-items-md-center align-items-center style-195 style-local-11-c17 position-relative\" data-colibri-component=\"section\" data-colibri-id=\"11-c17\">\n<div class=\"h-section-grid-container h-section-boxed-container\">\n<div class=\"h-row-container gutters-row-lg-2 gutters-row-md-2 gutters-row-0 gutters-row-v-lg-2 gutters-row-v-md-2 gutters-row-v-2 style-196 style-local-11-c18 position-relative\" data-colibri-id=\"11-c18\">\n<div class=\"h-row justify-content-lg-center justify-content-md-center justify-content-center align-items-lg-stretch align-items-md-stretch align-items-stretch gutters-col-lg-2 gutters-col-md-2 gutters-col-0 gutters-col-v-lg-2 gutters-col-v-md-2 gutters-col-v-2\">\n<div class=\"h-column h-column-container d-flex h-col-lg-auto h-col-md-auto h-col-auto style-197-outer style-local-11-c19-outer\">\n<div class=\"d-flex h-flex-basis h-column__inner h-px-lg-2 h-px-md-2 h-px-2 v-inner-lg-2 v-inner-md-2 v-inner-2 style-197 style-local-11-c19 position-relative\" data-colibri-id=\"11-c19\">\n<div class=\"w-100 h-y-container h-column__content h-column__v-align flex-basis-100 align-self-lg-start align-self-md-start align-self-start\">\n<div class=\"h-contact-form__outer--forminator style-199 style-local-11-c20 position-relative h-element\" data-colibri-id=\"11-c20\">\n<div class=\"h-global-transition-all h-global-transition h-global-transition-all h-contact-form-shortcode\"><div class=\"forminator-ui forminator-custom-form forminator-custom-form-99 forminator-design--basic  forminator_ajax\" data-forminator-render=\"0\" data-form=\"forminator-module-99\" data-uid=\"69e5b41e290fe\"><br\/><\/div><form\n\t\t\t\tid=\"forminator-module-99\"\n\t\t\t\tclass=\"forminator-ui forminator-custom-form forminator-custom-form-99 forminator-design--basic  forminator_ajax\"\n\t\t\t\tmethod=\"post\"\n\t\t\t\tdata-forminator-render=\"0\"\n\t\t\t\tdata-form-id=\"99\"\n\t\t\t\t data-color-option=\"theme\" data-design=\"basic\" data-grid=\"open\" style=\"display: none;\"\n\t\t\t\tdata-uid=\"69e5b41e290fe\"\n\t\t\t><div role=\"alert\" aria-live=\"polite\" class=\"forminator-response-message forminator-error\" aria-hidden=\"true\"><\/div><div class=\"forminator-row\"><div id=\"textarea-1\" class=\"forminator-field-textarea forminator-col forminator-col-12 \"><div class=\"forminator-field\"><label for=\"forminator-field-textarea-1_69e5b41e290fe\" id=\"forminator-field-textarea-1_69e5b41e290fe-label\" class=\"forminator-label\">Hola!<\/label><span id=\"forminator-field-textarea-1_69e5b41e290fe-description\" class=\"forminator-description\"><span data-limit=\"180\" data-type=\"characters\" data-editor=\"\">0 \/ 180<\/span><\/span><textarea name=\"textarea-1\" placeholder=\"Si t\u2019agradaria veure casos concrets o treballs que he realitzat amb anterioritat fes-m\u2019ho saber amb aquest formulari. Soc r\u00e0pida enviant all\u00f2 que em demanes.\" id=\"forminator-field-textarea-1_69e5b41e290fe\" class=\"forminator-textarea\" rows=\"6\" style=\"min-height:140px;\" maxlength=\"180\" ><\/textarea><\/div><\/div><\/div><div class=\"forminator-row\"><div id=\"name-1\" class=\"forminator-field-name forminator-col forminator-col-12 \"><div class=\"forminator-row forminator-no-margin\" data-multiple=\"true\"><div class=\"forminator-col forminator-col-md-6\"><div class=\"forminator-field\"><label for=\"forminator-field-first-name-1_69e5b41e290fe\" id=\"forminator-field-first-name-1_69e5b41e290fe-label\" class=\"forminator-label\">S\u00f3c... <span class=\"forminator-required\">*<\/span><\/label><input type=\"text\" name=\"name-1-first-name\" placeholder=\"\" id=\"forminator-field-first-name-1_69e5b41e290fe\" class=\"forminator-input\" aria-required=\"true\" data-multi=\"1\" autocomplete=\"given-name\" value=\"\" \/><\/div><\/div><div class=\"forminator-col forminator-col-md-6\"><div class=\"forminator-field\"><label for=\"forminator-field-last-name-1_69e5b41e290fe\" id=\"forminator-field-last-name-1_69e5b41e290fe-label\" class=\"forminator-label\">de... <span class=\"forminator-required\">*<\/span><\/label><input type=\"text\" name=\"name-1-last-name\" placeholder=\"\" id=\"forminator-field-last-name-1_69e5b41e290fe\" class=\"forminator-input\" aria-required=\"true\" data-multi=\"1\" autocomplete=\"family-name\" value=\"\" \/><\/div><\/div><\/div><\/div><\/div><div class=\"forminator-row\"><div id=\"email-1\" class=\"forminator-field-email forminator-col forminator-col-12 \"><div class=\"forminator-row-inside forminator-row-with-confirmation-email\"><div class=\"forminator-col forminator-col-6\"><div class=\"forminator-field\"><label for=\"forminator-field-email-1_69e5b41e290fe\" id=\"forminator-field-email-1_69e5b41e290fe-label\" class=\"forminator-label\">Envia-ho a... <span class=\"forminator-required\">*<\/span><\/label><input type=\"email\" name=\"email-1\" value=\"\" placeholder=\"\" id=\"forminator-field-email-1_69e5b41e290fe\" class=\"forminator-input forminator-email--field\" data-required=\"true\" aria-required=\"true\" autocomplete=\"email\" \/><\/div><\/div><div class=\"forminator-col forminator-col-6\"><div class=\"forminator-field\"><label for=\"forminator-field-confirm_email-1_69e5b41e290fe\" id=\"forminator-field-confirm_email-1_69e5b41e290fe-label\" class=\"forminator-label\">Confirmar la direcci\u00f3n de correo electr\u00f3nico <span class=\"forminator-required\">*<\/span><\/label><input type=\"email\" name=\"confirm_email-1\" value=\"\" placeholder=\"Vuelve a escribir la direcci\u00f3n de correo electr\u00f3nico\" id=\"forminator-field-confirm_email-1_69e5b41e290fe\" class=\"forminator-input forminator-name--field\" data-required=\"true\" aria-required=\"true\" autocomplete=\"email\" \/><\/div><\/div><\/div><\/div><\/div><div class=\"forminator-row\"><div id=\"checkbox-1\" class=\"forminator-field-checkbox forminator-col forminator-col-12 \"><div role=\"group\" class=\"forminator-field\" aria-labelledby=\"forminator-checkbox-group-forminator-field-checkbox-1-69e5b41e290fe-label\"><label id=\"forminator-field-checkbox-1-1-69e5b41e290fe-label\" for=\"forminator-field-checkbox-1-1-69e5b41e290fe\" class=\"forminator-checkbox\" title=\"Vull veure exemples de campanyes de comunicaci\u00f3\"><input type=\"checkbox\" name=\"checkbox-1[]\" value=\"service-1\" id=\"forminator-field-checkbox-1-1-69e5b41e290fe\" aria-labelledby=\"forminator-field-checkbox-1-1-69e5b41e290fe-label\" data-calculation=\"0\"  \/><span class=\"forminator-checkbox-box\" aria-hidden=\"true\"><\/span><span class=\"forminator-checkbox-label\">Vull veure exemples de campanyes de comunicaci\u00f3<\/span><\/label><label id=\"forminator-field-checkbox-1-2-69e5b41e290fe-label\" for=\"forminator-field-checkbox-1-2-69e5b41e290fe\" class=\"forminator-checkbox\" title=\"Vull saber qu\u00e8 has fet com a gabinet de premsa\"><input type=\"checkbox\" name=\"checkbox-1[]\" value=\"service-2\" id=\"forminator-field-checkbox-1-2-69e5b41e290fe\" aria-labelledby=\"forminator-field-checkbox-1-2-69e5b41e290fe-label\" data-calculation=\"0\"  \/><span class=\"forminator-checkbox-box\" aria-hidden=\"true\"><\/span><span class=\"forminator-checkbox-label\">Vull saber qu\u00e8 has fet com a gabinet de premsa<\/span><\/label><label id=\"forminator-field-checkbox-1-3-69e5b41e290fe-label\" for=\"forminator-field-checkbox-1-3-69e5b41e290fe\" class=\"forminator-checkbox\" title=\"Vull veure com escrius\"><input type=\"checkbox\" name=\"checkbox-1[]\" value=\"Vull-veure-com-escrius\" id=\"forminator-field-checkbox-1-3-69e5b41e290fe\" aria-labelledby=\"forminator-field-checkbox-1-3-69e5b41e290fe-label\" data-calculation=\"0\"  \/><span class=\"forminator-checkbox-box\" aria-hidden=\"true\"><\/span><span class=\"forminator-checkbox-label\">Vull veure com escrius<\/span><\/label><label id=\"forminator-field-checkbox-1-4-69e5b41e290fe-label\" for=\"forminator-field-checkbox-1-4-69e5b41e290fe\" class=\"forminator-checkbox\" title=\"Nom\u00e9s volia saludar-te :)\"><input type=\"checkbox\" name=\"checkbox-1[]\" value=\"Nom\u00e9s-volia-saludar-te-:)\" id=\"forminator-field-checkbox-1-4-69e5b41e290fe\" aria-labelledby=\"forminator-field-checkbox-1-4-69e5b41e290fe-label\" data-calculation=\"0\"  \/><span class=\"forminator-checkbox-box\" aria-hidden=\"true\"><\/span><span class=\"forminator-checkbox-label\">Nom\u00e9s volia saludar-te \ud83d\ude42<\/span><\/label><\/div><\/div><\/div><input type=\"hidden\" name=\"referer_url\" value=\"\" \/><div class=\"forminator-row forminator-row-last\"><div class=\"forminator-col\"><div class=\"forminator-field\"><button class=\"forminator-button forminator-button-submit\">Enviar<\/button><\/div><\/div><\/div><input type=\"hidden\" id=\"forminator_nonce\" name=\"forminator_nonce\" value=\"855a9494b0\" \/><input type=\"hidden\" name=\"_wp_http_referer\" value=\"\/blog\/wp-json\/wp\/v2\/pages\/11\" \/><input type=\"hidden\" name=\"form_id\" value=\"99\"><input type=\"hidden\" name=\"page_id\" value=\"11\"><input type=\"hidden\" name=\"form_type\" value=\"default\"><input type=\"hidden\" name=\"current_url\" value=\"https:\/\/aunes.cat\/blog\/\"><input type=\"hidden\" name=\"render_id\" value=\"0\"><input type=\"hidden\" name=\"action\" value=\"forminator_submit_form_custom-forms\"><\/form><\/div>\n<\/div>\n<\/div>\n<\/div>\n<\/div>\n<\/div>\n<\/div>\n<\/div>\n<\/div>\n<\/div>","protected":false},"excerpt":{"rendered":"<p>COMUNICACI\u00d3 Treballo amb una premissa clara: tothom t\u00e9 dret a comprendre i a [&hellip;]<\/p>\n","protected":false},"author":2,"featured_media":0,"parent":0,"menu_order":0,"comment_status":"closed","ping_status":"closed","template":"page-templates\/homepage.php","meta":{"footnotes":""},"class_list":["post-11","page","type-page","status-publish","hentry"],"_links":{"self":[{"href":"https:\/\/aunes.cat\/blog\/wp-json\/wp\/v2\/pages\/11","targetHints":{"allow":["GET"]}}],"collection":[{"href":"https:\/\/aunes.cat\/blog\/wp-json\/wp\/v2\/pages"}],"about":[{"href":"https:\/\/aunes.cat\/blog\/wp-json\/wp\/v2\/types\/page"}],"author":[{"embeddable":true,"href":"https:\/\/aunes.cat\/blog\/wp-json\/wp\/v2\/users\/2"}],"replies":[{"embeddable":true,"href":"https:\/\/aunes.cat\/blog\/wp-json\/wp\/v2\/comments?post=11"}],"version-history":[{"count":4,"href":"https:\/\/aunes.cat\/blog\/wp-json\/wp\/v2\/pages\/11\/revisions"}],"predecessor-version":[{"id":114,"href":"https:\/\/aunes.cat\/blog\/wp-json\/wp\/v2\/pages\/11\/revisions\/114"}],"wp:attachment":[{"href":"https:\/\/aunes.cat\/blog\/wp-json\/wp\/v2\/media?parent=11"}],"curies":[{"name":"wp","href":"https:\/\/api.w.org\/{rel}","templated":true}]}}